 the units digit of j?
1
What is the tens digit of ((-9)/6)/(2/(-52))?
3
Let r be ((-33)/(-9))/(1/(-3)). Let v = 0 - 4. Let h = v - r. What is the units digit of h?
7
Suppose 4*p - 6*p = 4. What is the tens digit of p/(3/(39/(-2)))?
1
What is the tens digit of (141/12)/(4/16)?
4
Suppose 0 = -4*a + 4*i + 44 + 92, -3*i + 171 = 4*a. What is the tens digit of a?
3
Let o(m) = 11*m**3 + m**2 - 2*m + 2. What is the tens digit of o(1)?
1
Let x be (-2)/4 + (-14)/(-4). Suppose -x*k + 160 = 2*k. What is the units digit of k?
2
Suppose 3*z + 423 = 4*r, 3*r + z = -0*r + 314. What is the tens digit of r?
0
Let m(s) = 3*s - 3. Let x be m(3). Let d be (0 - (-21)/x)*2. Let j(w) = -w + 9. What is the units digit of j(d)?
2
Suppose 4 = u + 3. Let f be 6 - (0 - -2 - u). Let b(v) = v**2 - 3*v - 1. What is the units digit of b(f)?
9
Let r be 5*(-1 + (2 - 0)). Suppose -v = 5*p - 9, r*p = -5*v + 45 - 0. What is the units digit of v?
9
Let t = -41 - -60. What is the units digit of t?
9
What is the hundreds digit of 187 - (4 - -2 - 3)?
1
Let t = 11 - 12. Let m = 5 - t. What is the units digit of m?
6
Let t(w) = 2*w**2 + 17*w + 11. What is the units digit of t(-8)?
3
What is the tens digit of (-1742)/(-22) + 28/(-154)?
7
Let u = -6 + 11. Suppose u*n = -h + 31, 4*h - 14 = 3*n - n. What is the units digit of h?
6
Let y(s) = -5*s + 6. Let j be y(5). Let z = j - -49. Let b = 48 - z. What is the tens digit of b?
1
What is the units digit of -9 - 4197/(-12) - 6/8?
0
Let l(v) = -v**3 + 6*v**2 + 2*v + 7. Let a be l(7). Let y = a + 43. What is the units digit of y?
5
Suppose -v = -3*q - 20, 9 = v - 5*q - 21. What is the units digit of 10 + -1 + v + -5?
9
Let t be -1*1/3*0. Suppose -k = -4 - t. Suppose 4 + 8 = k*c. What is the units digit of c?
3
Let c be 0 - 32 - (-6 - -6). Let m = -11 - c. What is the units digit of m?
1
Let o(z) = 9*z**2 + 5*z - 11. Let f(a) = -13*a**2 - 7*a + 16. Let i(d) = -5*f(d) - 7*o(d). What is the units digit of i(-3)?
5
Let i(v) = v**2 + 12*v + 20. What is the units digit of i(11)?
3
Suppose 3*k + d + 4 = -d, 2*d = -5*k - 4. Suppose -5 = -k*v + v. Let f = v + 8. What is the units digit of f?
3
Let c = 4 - -31. Let r = c + -16. Suppose 4*i - 26 = -5*l + 2*i, l + 5*i - r = 0. What is the units digit of l?
4
Suppose -r - 1 = -3*s, -5*s + 2 = r - 21. Let m = r + -6. Suppose -5*l + 2*o = -40, 4*l + m*o = -2*o + 32. What is the units digit of l?
8
Suppose 0 = -2*i - 3*w - 107, 3*i + 83 = -5*w - 76. Let s = -39 - i. What is the units digit of s?
9
Let m(o) = -2*o - 2*o**2 - 2*o**3 + o**3 + 4*o + 1. Let a be m(-3). Suppose -a*d + 24 = -d. What is the units digit of d?
8
Let h be (10 - 0)*(0 - -2). Suppose 2*i + h = 3*i. What is the units digit of i?
0
What is the units digit of (-1 + 2)/(12/924)?
7
Suppose -y - 10 = y, -5*w - 4*y - 90 = 0. What is the units digit of (36/21)/((-4)/w)?
6
Suppose 6 + 4 = -2*g. What is the tens digit of (-6)/g*35/2?
2
What is the tens digit of (-7 - -4)*(-40 + 0 + -2)?
2
Let y(t) = -11*t**2 - 1. Let w be y(1). Suppose 0 = -u + 3*r + 17, 0 = -3*r - 11 - 4. What is the tens digit of (-25)/u*w/15?
1
Suppose 4*h = 3*h - 9. Let u(y) = y**3 + 10*y**2 + 10*y + 7. Let x be u(h). Let i(s) = -s**2 - 2*s + 2. What is the units digit of i(x)?
2
Let b be 130/(-6) - 4/(-6). Suppose -h = 4*h + 145. Let y = b - h. What is the units digit of y?
8
Let s(m) = m - 2. Let i = 1 - -2. Let o be s(i). Let n = 4 - o. What is the units digit of n?
3
Let p = -1 - -4. Let j(a) = -a**2 - a + 4. Let x be j(p). What is the units digit of x/(-5) + 12/30?
2
Let t(r) = r**3 + 7*r**2 + 6*r + 1. Let m be t(-6). What is the units digit of m - 2 - (-192)/6?
1
Suppose 5*c - 1035 = 4*w, w = -0*w - 5. What is the tens digit of c?
0
Let i be -3 - (1 + -4 + 1). Let r = i - -6. Suppose -r*n - 14 = 2*z - 41, 3*z + 5*n - 28 = 0. What is the units digit of z?
1
Let a be (1*-2)/((-10)/175). Suppose -3*j + 2*j + x = -a, -5*x - 70 = -2*j. Suppose 10*c - 5*c = -5*b + j, 3*c = 3*b - 27. What is the units digit of b?
8
Let b be 2*1 - (0 + 1). Let q(m) = 4 - m - b + 9. What is the units digit of q(9)?
3
What is the tens digit of 1232/33 + 2/3?
3
Suppose 35 = f + p, -3*p + 21 = -2*f + 66. Let t = 21 - 39. Let d = t + f. What is the tens digit of d?
1
Let d be 1/(-1 + 2) - -12. Suppose -6*v + 25 = -v. Suppose 0 = -4*i, -v*y + 22 + d = -3*i. What is the units digit of y?
7
Let r(z) = -7*z - 9. What is the tens digit of r(-4)?
1
Let n(g) = 2*g**2 + 1. Suppose 0*i = -i. Let u be (i - -1) + -2 + 0. What is the units digit of n(u)?
3
What is the hundreds digit of ((-4)/(-6))/((-14)/(-5271))?
2
What is the tens digit of 20 - (0 - 0)/(-3)?
2
What is the units digit of (1/(-2))/((-8)/16)?
1
Let g(f) = f**2 - 2*f - 7. What is the units digit of g(4)?
1
Let s(q) = q**3 - 9*q**2 + 2*q + 2. What is the units digit of s(9)?
0
Suppose -4*t - b + 857 = 2*b, -2*t + 3*b = -415. What is the units digit of t?
2
Let o be 4/14 + (-57)/(-21). What is the tens digit of 284/12 + 1/o?
2
Suppose 2*q - 32 = 36. What is the tens digit of q?
3
Let q(l) = -3*l**2 + 6*l + 7. Let n be q(5). Suppose 67 = c - 4*c - 4*o, c + o = -23. Let p = c - n. What is the tens digit of p?
1
Let z(i) = 3*i**2 + 12. What is the units digit of z(-6)?
0
Let o = -27 + 39. Suppose v = 4*v - o. What is the units digit of v?
4
Let p(i) = -i**3 - 5*i**2 - i + 5. Suppose -5*r - 60 = -9*r. Suppose 0 = -4*z + z - r. What is the tens digit of p(z)?
1
Let u(m) = 24*m**2 + 11*m + 1. What is the tens digit of u(3)?
5
Suppose 2*f + 40 + 6 = 3*i, 3*i - 4*f - 50 = 0. What is the tens digit of i?
1
Let g be 3 + -4 - (0 + 2). Let w be (-1)/g + (-104)/(-12). Suppose 6*o - w = 3*o. What is the units digit of o?
3
Suppose 0 = -3*q - 0*q + 33. Suppose q = 4*a + 2*s - 5, -a = -2*s - 9. Suppose -a*g = -7*g + 8. What is the units digit of g?
4
Let q(p) = -53*p - 16. What is the hundreds digit of q(-3)?
1
Suppose -2*h + 15 = 3*m - 84, -50 = -m + 5*h. Let y = m - 15. What is the units digit of y?
0
Let s(o) = 15*o - 19. What is the tens digit of s(8)?
0
Let s(h) = -h**3 - 5*h**2 - h + 1. Suppose a + 21 = 2*y - 4*a, 30 = -5*y - 4*a. Let c be ((-5)/2)/(y/(-4)). What is the units digit of s(c)?
6
Let j be (-2 + 15/9)*9. Let m(l) = -3*l + 5*l + 2*l**2 + 1 - l**2. What is the units digit of m(j)?
4
Let g(j) = -j**3 - 4*j**2 + 4*j + 5. Let a = 5 + -10. What is the units digit of g(a)?
0
Let z = 17 - 6. Suppose z*w - 7*w = 116. What is the tens digit of w?
2
Let t = 4 + -4. Suppose t = -2*o - 4*l - 2, -o - l = -0*o. What is the units digit of o?
1
Suppose -2*v = 5*c + 3 + 21, 3*c + 4 = 4*v. What is the tens digit of 150/8 + 3/c?
1
Let b(j) = 2*j**3 + j**2 - j + 2. Let s be b(-2). Let i(c) = 7*c**2 + 0*c**3 - c**3 - 9*c + 2*c**3. What is the units digit of i(s)?
8
Suppose 68 = 4*x - 4. What is the units digit of x?
8
Let y(b) be the second derivative of 0 + 1/3*b**3 - 2*b - 7/2*b**2. What is the units digit of y(8)?
9
Suppose -9*z + 4*z + 5 = 0. What is the units digit of 6/(-8)*(-3 - z)?
3
Let z(o) = 7*o**3 + o**2 + 2*o - 2. Let g be z(1). Suppose a - 2 = g. What is the units digit of a?
0
Suppose -34 = 6*f - 4*f. Let h = -10 - f. What is the units digit of h?
7
Suppose 446 + 569 = 5*y. What is the hundreds digit of y?
2
Let u = -15 - -10. What is the units digit of 10 - (3 + (u - -3))?
9
Let n = 19 - -36. What is the units digit of n?
5
Let a(y) = 3*y**2 - 2*y + 3. Let k be a(2). Let x be (-17)/(-4) - (-2)/(-8). Let v = k - x. What is the units digit of v?
7
Suppose 0 = -5*k - 3*g + 571, 4*g + 352 + 92 = 4*k. What is the hundreds digit of k?
1
Let a = 343 + -174. What is the units digit of a?
9
Let s(c) = -c**3 + 5*c**2 + 8*c - 5. Let f be s(6). Let t = 2 - -4. Let u = f + t. What is the units digit of u?
3
Let x be (-6)/1*(-8)/16. Suppose 0*j = x*j - q - 111, 74 = 2*j - 5*q. What is the tens digit of j?
3
Suppose -3*u + 0*u + 96 = 0. What is the units digit of u?
2
Suppose -6*b + 80 = -b. What is the tens digit of b?
1
Let q(z) = 2*z**2 + 2*z - 2. Suppose 11 - 3 = -4*u. Let b be q(u). Suppose 4*h - 28 = b*y, 2*y + 2*y + 2 = -h. What is the units digit of h?
6
Let o = 14 + -8. Suppose -3*v - 4*p = 7, 0 = v - o*p + p - 23. Suppose 0 = 4*t + 5*a + v, -7*a = -4*t - 3*a + 24. What is the units digit of t?
3
Let q(n) = -4*n. Let v be 0 + (3 - 6) + 0. What is the tens